e the prime factors of 210041724?
2, 3, 79, 149, 1487
List the prime factors of 23647560.
2, 3, 5, 197063
List the prime factors of 7391416061.
7391416061
What are the prime factors of 248604462?
2, 3, 13811359
What are the prime factors of 122833197?
3, 3121, 4373
List the prime factors of 990086705.
5, 198017341
List the prime factors of 1099023478.
2, 7, 3331, 23567
What are the prime factors of 496119438?
2, 3, 9187397
What are the prime factors of 30731074?
2, 11, 1396867
What are the prime factors of 92369493?
3, 601, 17077
What are the prime factors of 825741908?
2, 53, 149, 26141
What are the prime factors of 5344922157?
3, 1781640719
List the prime factors of 82531894.
2, 41265947
List the prime factors of 1372510649.
1372510649
What are the prime factors of 55511939?
7, 19, 417383
What are the prime factors of 1833188487?
3, 13, 109, 431237
What are the prime factors of 2224016526?
2, 3, 370669421
What are the prime factors of 40699583?
40699583
List the prime factors of 2131175884.
2, 103, 1289, 4013
What are the prime factors of 106988245?
5, 7, 13, 83, 2833
What are the prime factors of 98726187?
3, 7, 89, 101, 523
What are the prime factors of 2022990203?
13, 89, 1748479
List the prime factors of 1704109806.
2, 3, 7, 4508227
List the prime factors of 22106412.
2, 3, 79, 2591
What are the prime factors of 1751884134?
2, 3, 7, 11, 13, 291689
What are the prime factors of 26455233?
3, 7, 101, 12473
What are the prime factors of 1840864344?
2, 3, 11, 61, 114311
What are the prime factors of 412855381?
61, 1063, 6367
List the prime factors of 818976472.
2, 29, 3530071
What are the prime factors of 818448989?
313, 2614853
List the prime factors of 78946696.
2, 983, 10039
What are the prime factors of 380967862?
2, 11, 79, 109, 2011
List the prime factors of 82777415.
5, 7, 337867
List the prime factors of 90420038.
2, 23, 557, 3529
List the prime factors of 50422487.
73, 690719
List the prime factors of 15032544.
2, 3, 156589
List the prime factors of 1220208462.
2, 3, 11, 19, 41, 293
List the prime factors of 2214359944.
2, 276794993
List the prime factors of 187395935.
5, 37, 43, 23557
List the prime factors of 126260945.
5, 25252189
What are the prime factors of 350134796?
2, 11, 23, 71, 443
What are the prime factors of 155459441?
17, 53, 172541
What are the prime factors of 2595330692?
2, 648832673
List the prime factors of 500925331.
41, 1301, 9391
List the prime factors of 4200811489.
7, 71, 119047
List the prime factors of 1716460035.
3, 5, 151, 757819
List the prime factors of 99537765.
3, 5, 1453, 4567
What are the prime factors of 442718943?
3, 19, 41, 189439
What are the prime factors of 4096369440?
2, 3, 5, 2844701
What are the prime factors of 653832061?
239, 2735699
What are the prime factors of 86975071?
71, 619, 1979
What are the prime factors of 2521681971?
3, 283, 2970179
List the prime factors of 120271113.
3, 13363457
What are the prime factors of 63636495?
3, 5, 13, 307, 1063
List the prime factors of 67245045.
3, 5, 7, 31, 73, 283
What are the prime factors of 96617338?
2, 59, 569, 1439
List the prime factors of 220488691.
17, 251, 51673
What are the prime factors of 103927812?
2, 3, 71, 223, 547
What are the prime factors of 177289913?
139, 1275467
List the prime factors of 254515970.
2, 5, 37, 59, 89, 131
What are the prime factors of 19130384?
2, 7, 13, 1877
What are the prime factors of 1148326323?
3, 2377, 161033
What are the prime factors of 58461267?
3, 2551, 7639
List the prime factors of 4339683212.
2, 41, 26461483
List the prime factors of 506249632.
2, 7, 41, 199, 277
What are the prime factors of 122163881?
7, 1453, 12011
What are the prime factors of 27749220?
2, 3, 5, 109, 4243
What are the prime factors of 96301074?
2, 3, 613, 26183
What are the prime factors of 1788044104?
2, 7, 11, 23, 149
What are the prime factors of 765892040?
2, 5, 19147301
List the prime factors of 1597493.
43, 97, 383
List the prime factors of 198870028.
2, 7, 20707
What are the prime factors of 259691710?
2, 5, 2029, 12799
What are the prime factors of 1967627349?
3, 72875087
List the prime factors of 1071908228.
2, 103, 383, 6793
List the prime factors of 75121187.
75121187
What are the prime factors of 170043435?
3, 5, 17, 74093
What are the prime factors of 218316880?
2, 5, 31, 47, 1873
List the prime factors of 61905429.
3, 241, 28541
List the prime factors of 376559374.
2, 29, 6492403
What are the prime factors of 288395960?
2, 5, 137, 52627
List the prime factors of 59875040.
2, 5, 374219
What are the prime factors of 385273045?
5, 37, 103, 20219
List the prime factors of 3813985589.
653, 5840713
List the prime factors of 5107711067.
283, 859, 21011
What are the prime factors of 426703234?
2, 12889, 16553
What are the prime factors of 4191185916?
2, 3, 17, 760927
What are the prime factors of 152893052?
2, 13, 23, 127837
List the prime factors of 1564993938.
2, 3, 19, 2579, 5323
What are the prime factors of 20206070?
2, 5, 37, 97, 563
List the prime factors of 789429540.
2, 3, 5, 13157159
What are the prime factors of 126690068?
2, 31672517
What are the prime factors of 160627820?
2, 5, 1319, 6089
List the prime factors of 68547969.
3, 7, 1088063
List the prime factors of 2875560469.
2875560469
List the prime factors of 865104692.
2, 6397, 33809
What are the prime factors of 60262952?
2, 43, 167, 1049
What are the prime factors of 17808946?
2, 23, 387151
What are the prime factors of 1060660618?
2, 43, 12333263
List the prime factors of 72686230.
2, 5, 59, 349, 353
List the prime factors of 1035144830.
2, 5, 103514483
List the prime factors of 393557602.
2, 19, 47, 220357
What are the prime factors of 367056593?
367056593
What are the prime factors of 9439101?
3, 7, 149827
List the prime factors of 838768160.
2, 5, 29, 41, 4409
List the prime factors of 4299037761.
3, 107, 13392641
What are the prime factors of 3233627122?
2, 11, 7817, 18803
List the prime factors of 2424937933.
11, 109, 557, 3631
What are the prime factors of 679468915?
5, 101, 1093, 1231
What are the prime factors of 219906008?
2, 7, 3926893
What are the prime factors of 28981018?
2, 11, 1317319
What are the prime factors of 276593375?
5, 2212747
List the prime factors of 8643971.
7, 1234853
What are the prime factors of 1079317626?
2, 3, 607, 296353
What are the prime factors of 1521533328?
2, 3, 7, 43, 53, 1987
What are the prime factors of 699710617?
699710617
List the prime factors of 1102983563.
11, 100271233
List the prime factors of 760402190.
2, 5, 47, 71, 22787
What are the prime factors of 2561252412?
2, 3, 947, 225383
List the prime factors of 970619627.
970619627
List the prime factors of 5251178284.
2, 11, 119344961
List the prime factors of 102040544.
2, 3188767
List the prime factors of 3991093671.
3, 31973, 41609
What are the prime factors of 1446560351?
67, 139, 155327
What are the prime factors of 841693633?
11, 41, 1866283
What are the prime factors of 115256335?
5, 23, 89, 11261
List the prime factors of 995041266.
2, 3, 1553, 106787
What are the prime factors of 38087548?
2, 17, 311, 1801
List the prime factors of 201685366.
2, 47, 311, 6899
What are the prime factors of 73273436?
2, 18318359
What are the prime factors of 109313024?
2, 106751
List the prime factors of 210897145.
5, 42179429
What are the prime factors of 86450268?
2, 3, 7204189
List the prime factors of 1124359004.
2, 47, 163, 36691
What are the prime factors of 476852131?
7, 673, 101221
What are the prime factors of 72511559?
151, 480209
What are the prime factors of 78592718?
2, 2731, 14389
What are the prime factors of 2634197578?
2, 1097, 1200637
List the prime factors of 227051542.
2, 1019, 111409
What are the prime factors of 1184318073?
3, 17, 7740641
What are the prime factors of 7873128?
2, 3, 43, 2543
List the prime factors of 748083287.
7, 53, 2016397
What are the prime factors of 1102300238?
2, 13, 19, 313, 7129
List the prime factors of 83479955.
5, 13, 37, 103, 337
What are the prime factors of 115128303?
3, 401, 95701
What are the prime factors of 894688573?
43, 229, 2113
List the prime factors of 308726489.
29, 31, 343411
List the prime factors of 3219048721.
7, 131, 3510413
List the prime factors of 33358780.
2, 5, 7, 13, 18329
List the pr